.
3
Suppose -2*b - 23 = -67. Let h(f) = -6*f - 1. Let s be h(1). Let n be 12/7 - 2/s. Calculate the highest common factor of n and b.
2
Let t be (-2)/((2/1)/2). Suppose y - 1 - 1 = -i, -3*y + 5 = 4*i. Let x be t + (7 - 2) + i. Calculate the highest common factor of 10 and x.
2
Suppose 4*l - 4*w = 2*l + 542, 4*l = 5*w + 1069. What is the greatest common factor of l and 29?
29
Suppose -16 + 0 = 4*q. Let v be q/(-5)*(-30)/(-4). Suppose -63 = -v*s + s - 3*o, -3*s + 65 = -5*o. What is the greatest common factor of 5 and s?
5
Let f = 12 - -5. Let y = f - 6. What is the highest common factor of y and 11?
11
Suppose 3*t - 2*b = 0, -2*b = -4*b + 6. Suppose 8 = 3*f - 4*f - 2*p, 0 = 5*f + 2*p. Calculate the greatest common factor of f and t.
2
Suppose -5*w + 51 + 34 = 0. Let y be (-2)/5 + w/5. Suppose 4*m = y*m + 5. What is the highest common factor of m and 5?
5
Let q = 89 + -80. Suppose 5*l - 122 = 3*j + 46, 2*j = -2*l + 80. Calculate the greatest common factor of l and q.
9
Let a = 36 - 24. Suppose 0 = -5*b + i + 243, 0 = -5*i - 0*i - 15. What is the highest common divisor of b and a?
12
Suppose -k - 22 = -4*y + 143, -3*y + 117 = -3*k. Suppose -u = -3*u + 126. What is the greatest common divisor of u and y?
21
Let a = -20 + -11. Let y = -22 - a. Calculate the highest common divisor of y and 27.
9
Suppose 2*v - 32 = -2*v. Let i be (6/(-9) + 1)*3. Calculate the highest common divisor of i and v.
1
Let u(t) = t**3 + 16*t**2 + 14*t - 7. Let b be u(-15). Let r = 47 + -7. What is the highest common factor of b and r?
8
Suppose -5*k = 3*j - 12, 2*k + 3*j = -k + 6. Let c(v) = -v**2 + 5*v. Let n be c(k). Suppose 0 = -3*w - 2*w + 20. What is the greatest common divisor of w and n?
2
Let u = 298 + -188. What is the highest common factor of 20 and u?
10
Let l be (1/(-3))/(5/(-1155)). Suppose l = 4*x + 4*d - 55, 0 = -4*d + 4. What is the highest common factor of x and 32?
32
Let v(u) = u**3 + 12*u**2 - 14*u. Let z be v(-13). What is the greatest common factor of z and 13?
13
Let a(k) = -k**2 + 7*k - 20. Let o be a(8). Let f be 385/o*1*-8. Calculate the greatest common factor of 10 and f.
10
Let v = -3 + 5. Let f(p) = 4*p - 10. Let q be f(8). What is the greatest common divisor of v and q?
2
Suppose 7*x - 135 = 2*x. Suppose -s = 4*b, -7*b - x = -s - 2*b. Calculate the greatest common divisor of 132 and s.
12
Let v(h) = -59*h**2 - h + 1. Let x be v(1). Let c = x + 89. What is the greatest common factor of c and 15?
15
Let w(a) = 3*a**3 - 2*a + 2. Let l be w(1). Calculate the greatest common divisor of l and 12.
3
Let u be 130 + 2 - (1 - 5). Suppose -3*s - 5*g = -5*s + u, -4*g = 8. Calculate the highest common factor of s and 42.
21
Suppose 3*a + 30 = 8*a. Suppose 3*o = 6 + a. What is the greatest common factor of 20 and o?
4
Let a be (-13)/(-2)*4/(-2). Let u(s) = s + 24. Let g be u(a). Calculate the greatest common factor of 55 and g.
11
Suppose -3*n + 40 = -5*k, 2*n = -3*n + 5*k + 60. Let v = -9 - -12. Suppose -v*o + 40 = o. What is the greatest common factor of o and n?
10
Let m = -9 + 20. Suppose -4*a + 154 = -j - m, 4*a - 177 = -3*j. Suppose -11*i = -10*i - 28. Calculate the highest common factor of a and i.
14
Let h = 953 + 1009. Let n be 2/(-9) + h/81. What is the highest common factor of 48 and n?
24
Let l be (2 + -2 - 12)*80/(-12). What is the greatest common factor of l and 20?
20
Let n = 6 + 27. What is the highest common divisor of n and 3?
3
Let s be 24/15*(-20)/(-8). Calculate the greatest common divisor of 14 and s.
2
Suppose 0 = -3*p - 308 + 983. Suppose 2*i - 7*i + p = 0. What is the highest common divisor of i and 18?
9
Let g(p) = 26*p - 1. Let z be g(3). Let x = z - 21. Calculate the greatest common factor of 7 and x.
7
Let k(v) = 2*v**2 - 3*v + 3. Suppose 4*w - 2*w + 5*l - 11 = 0, 7 = 3*w - 2*l. Let q be k(w). What is the greatest common divisor of q and 18?
6
Suppose -q + 71 = 4*a, -5*a - q - 2*q + 87 = 0. Let p be 6*(-7)/((-21)/18). Calculate the greatest common factor of a and p.
18
Let s(u) = -u**3 + 9*u**2 + 3*u + 3. Let y be s(9). Let r = -5 + 9. Suppose -r*g - y = -9*g. Calculate the greatest common divisor of 24 and g.
6
Suppose 5*v - 9 - 41 = 0. Suppose 0 = -5*f - 0*f + v. Suppose 3*c = f + 4. Calculate the greatest common divisor of 22 and c.
2
Let r(z) = -2*z + 7. Let b be r(3). Let d(c) = 17*c**2 - 2*c + 1. Let a be d(b). What is the highest common divisor of 40 and a?
8
Let l be (24/(-10))/((-2)/10). Suppose 7 = 4*i - 41. Calculate the highest common divisor of i and l.
12
Suppose 0 = 3*b - 267 - 63. Let u = 15 - -7. Calculate the highest common divisor of u and b.
22
Let h be (-1 + 212/20)/((-2)/(-10)). Suppose -5*r + 5 = 3*y - 90, 3*y = 2*r - 17. Calculate the highest common divisor of h and r.
16
Let k(a) = a**2 - 4*a + 3. Let v be k(3). Let d be 51/6*2 + 0. Suppose 4*n - 55 - d = v. What is the greatest common divisor of 6 and n?
6
Suppose -d + 140 = 139. Suppose 6 = -2*s, -4*i + 4 = 3*s - 7. Calculate the greatest common factor of i and d.
1
Suppose -2*y + 5*y - 18 = 0. Let s(w) = w**2 - 3*w - 4. Let m be s(y). Calculate the highest common divisor of m and 98.
14
Suppose -4*x + 8*n - 4*n = -48, 0 = 4*x - 3*n - 47. Suppose 91 = 3*u + 2*a, 2*u - 26 = -3*a + 28. What is the highest common factor of x and u?
11
Let s = 70 - -26. Let x = s - 50. Calculate the highest common factor of 115 and x.
23
Suppose 0 = 8*w - 450 - 782. Suppose -5*a + 0*a = -110. Calculate the highest common divisor of a and w.
22
Suppose 32*s - 23*s - 792 = 0. Calculate the highest common divisor of 22 and s.
22
Let v be (0 + -1)/((-1)/13). Suppose -210 = 5*u + 15. Let l be (-4)/18 - 595/u. What is the highest common divisor of l and v?
13
Let g = 115 - 87. What is the highest common factor of g and 70?
14
Let q be (-2)/(-2)*(-1167)/(-3). Suppose 426 = 5*u - q. Let a = u - 68. What is the highest common divisor of 19 and a?
19
Let y(j) = j**2 + 7*j + 12. Let m be y(-6). Calculate the highest common factor of 12 and m.
6
Let i(g) be the second derivative of 0 + 5/6*g**3 - g**2 + 2*g - 1/12*g**4. Let o be i(4). Calculate the greatest common factor of 14 and o.
2
Let w = 17 + -9. Suppose 0 = -j - 3*j + w. Suppose -3*v + 5*v = 3*g + 22, -18 = -j*v + 2*g. Calculate the highest common divisor of v and 1.
1
Suppose 3*i - 80 = 2*k, -5*k = i - 55 - 0. Let z be -3*(2 + (-5 - 2)). What is the greatest common divisor of i and z?
15
Let d be (2*13 - 1)/(22 + -21). Calculate the greatest common divisor of d and 125.
25
Let t be (-3)/(-6)*-2 - 1. Let k = 0 - t. Let p = -8 - -11. Calculate the highest common divisor of k and p.
1
Suppose -2*c - 2*r + 136 = 0, -4*c + r - 36 = -318. What is the greatest common factor of c and 10?
10
Let t be -2 + 6 - 1 - -27. Suppose t = 5*j - 20. Calculate the highest common factor of 50 and j.
10
Let x(m) = -19*m - 1. Let c be x(-1). Suppose q - 3*b = c, 9 = -2*q - 5*b + 56. Let p = -22 + 36. What is the greatest common divisor of q and p?
7
Suppose -2*u = -3 - 21. Suppose -2*p + 3*p = 4. What is the highest common divisor of p and u?
4
Suppose 431 = 3*l - 5*n, -3*l - 6*n + n + 451 = 0. Let h be 1*l - 30/10. What is the highest common factor of 18 and h?
18
Let v be ((-2)/1)/(4/22). Let m = v + 21. Suppose 2*x + 5*d = 2*d + 171, -15 = 5*d. What is the highest common factor of m and x?
10
Let d = -3 - 2. Let p = d + 12. What is the greatest common factor of p and 7?
7
Let k be 96/(-28)*(-7 - 7). Suppose -2*s + j = -0*s - 35, -29 = -2*s - j. Calculate the highest common divisor of s and k.
16
Suppose -2*y - 64 = n - 192, -116 = -2*y + 2*n. What is the highest common factor of 496 and y?
62
Let k be 238/6 - 4/(-12). Calculate the highest common divisor of k and 16.
8
Let z = 10 + -7. Let d be 12/(-4) + 54 + z. Calculate the greatest common divisor of 81 and d.
27
Let i = 32 - 16. Suppose 3*o + 8 = 5*v, -v = -3*o - 2*v + i. Suppose -4*y + 3*k = -58, 0*k = -o*y - k + 50. What is the greatest common divisor of 104 and y?
13
Let f be (-2)/(-4) + 15/2. What is the highest common divisor of f and 88?
8
Let x = 49 + -23. Calculate the greatest common factor of 130 and x.
26
Let m be (-4)/1 - 9/(-3). Let r be 5/5 - (-19 + m). Suppose 105 = 2*x + 3*x. What is the greatest common divisor of x and r?
21
Let a(j) = j + 6. Let i be a(6). Let d be 2/(-5) 